+ 4*t(i). What is the tens digit of r(-4)?
1
Suppose 43*x = -x + 175428. What is the thousands digit of x?
3
Let g(x) = 92*x**2 - 16*x + 20. What is the units digit of g(2)?
6
Suppose 63*y = 55*y + 4600. What is the hundreds digit of y?
5
Let u(x) = 6*x**3 + 5*x**2 + 3*x. Let a be u(-3). Let l be 3/4 + 37/4. What is the tens digit of (l/(-4))/(9/a)?
3
Let b be (-20)/(-10) - ((-214 - 0) + 1). Suppose 10*z - b = 325. What is the units digit of z?
4
Suppose j = -4, -2*a - 1592 = -4*a - j. What is the tens digit of a?
9
Suppose -2*c - 3*c = -2*z + 63, 5*c - 13 = -2*z. Suppose 9 = 5*l - 3*l + 3*r, l + 1 = 4*r. What is the tens digit of -3*(l + z/(-3))?
1
Let g be (-6*(-15)/3)/2. Let n = -3 + g. What is the tens digit of n?
1
Let c be (2/3)/((-15)/(-1080)). Suppose -3*f - 772 = -5*k, -f + 143 + 5 = k. Suppose -5*b + c = -k. What is the units digit of b?
0
Let r = -9 + 1. Let p(b) = -4*b - 11. Let t be p(r). Let x = 37 - t. What is the tens digit of x?
1
Suppose -6*m + v = -m - 882, 2*v - 6 = 0. Let n = m - 34. What is the hundreds digit of n?
1
Let v = -36 + 18. Let j be v/9 - (4 - 0). What is the tens digit of j/27 - 371/(-9)?
4
Let z be 92/(-16) - (-3)/(-12)*1. Let n(f) = 9*f**2 + 20*f + 13. What is the units digit of n(z)?
7
Let y(q) = -84*q - 8. Let x be y(-5). Let t = 208 - x. Let a = -142 - t. What is the tens digit of a?
6
Suppose -y - 12*d + 27 = -11*d, -2*y = -4*d - 66. What is the tens digit of y?
2
Let g = -348 - -438. Suppose 0 = -2*f - 4 + 10. Suppose f*z + g = 6*z. What is the units digit of z?
0
Let f(c) = c**3 + 8*c**2 - 2*c - 13. Let i be f(-8). What is the tens digit of 1 + 213/i*1?
7
Let d(o) = -21*o - 2. Let k be d(5). Let u = -83 - k. What is the units digit of u?
4
Let v = 152 - 85. Let j = v - 27. What is the units digit of j?
0
Let w(n) = n**2 - 39*n - 25. What is the units digit of w(-16)?
5
Let j = -450 + 1016. What is the tens digit of j?
6
Let k be ((-3)/(-2))/(3/(-8)). Let g = 83 - k. What is the units digit of g?
7
Let n = -2968 + 5270. What is the thousands digit of n?
2
Suppose -f = -5*f + 296. Suppose 3*b = -2*l - 112, 2*b = 2*l + f + 18. What is the units digit of 12/(-15)*(l - 0)?
0
Suppose 5*d + 1285 = 5*s, -3*s + 257 = -2*s - 4*d. What is the units digit of s?
7
Let k(f) = 2*f + 15. Let j = -41 - -46. What is the units digit of k(j)?
5
Suppose -4*s = 3*j - 2521, -3*s - 23*j + 1897 = -22*j. What is the tens digit of s?
3
Let r(b) = 86*b + 127. What is the tens digit of r(47)?
6
Let r be 3 - 9/(9/2). Let o = r + 2. What is the units digit of o?
3
Suppose -z = -3*z. Suppose -5*y = -5*n + 490, 5*n + 210 = -2*y - z*y. Let g = -57 - y. What is the units digit of g?
3
Let d(w) = 2*w**2 + 4*w - 7. Let f(r) = 8*r**2 + 16*r - 27. Let l(c) = 9*d(c) - 2*f(c). What is the tens digit of l(-7)?
6
Let f = 504 + -117. What is the units digit of f?
7
Let x(v) = 6*v**2 + 25 - 25 - v. What is the hundreds digit of x(5)?
1
Suppose 0 = -u + 5*t - 42, -2*u - 2*t = -u + 42. Let g be 63/u + 546/4. Suppose 4*p + 0*p - 123 = -j, 4*p + 5*j = g. What is the units digit of p?
0
Suppose 21*o - 33020 = -5*o. What is the hundreds digit of o?
2
Let g(n) = 25*n + 4. Let m be g(1). Suppose m*l + 220 = 31*l. What is the hundreds digit of l?
1
Suppose -3*q - q = 220. Let j(u) = -6*u**2 - 2*u - 5. Let y be j(-4). Let a = q - y. What is the units digit of a?
8
Let t = -29 - -32. Suppose -t*b - j = -436, -b - 5*j + 85 + 65 = 0. What is the hundreds digit of b?
1
Let p be (2/4)/((-2)/24). Let d be 2/2*3 + 9. Let j = d + p. What is the units digit of j?
6
What is the units digit of (3 + (-30)/9)*(-387)/1?
9
Let u = -27 + 378. What is the units digit of u?
1
Let x(r) = -95*r + 35. What is the hundreds digit of x(-6)?
6
Let g(f) = -f + 12. Let w be g(10). Suppose -w*s + 1 = 13. Let t(z) = z**3 + 7*z**2 + 5*z + 3. What is the units digit of t(s)?
9
Suppose 3*t - 652 = 5*a, 0 = -3*t - 6*a + 3*a + 636. What is the hundreds digit of t?
2
Let x be (-40)/6*18/(-4). Let b be 2445/x + (-3)/(-2). Let q = -44 + b. What is the units digit of q?
9
Suppose 5*s + o = -8, -4*s - s = 2*o + 6. Let p be (-2 - 0) + (s - -27). Suppose 0 = -4*c + p + 25. What is the tens digit of c?
1
Let r(z) = 3*z - 25. Let d(x) = -2*x - 8. Let i be d(-9). Let l be r(i). Let u = l - -11. What is the units digit of u?
6
Suppose 4*x + 2184 + 9808 = 4*p, -4*x = 2*p - 6026. What is the units digit of p?
3
Suppose 0 = -4*o - o + j + 5, -15 = o + 3*j. Suppose o = -p + i + 44, -4*i = -i. What is the units digit of p?
4
Let h(i) = -16*i**3 + 4*i**2 + 33*i + 114. What is the tens digit of h(-5)?
4
Suppose -2*h + 2293 + 1569 = 0. What is the tens digit of h?
3
Suppose 5*u + 0 = -0. Suppose u = -a + 2*a + 3*j - 121, 4*j = a - 128. What is the tens digit of a?
2
Let p(o) = -6*o - 24. Let c = 13 - 26. What is the units digit of p(c)?
4
Let a(y) = y**3 - y**2 - y - 79. Let s be a(0). Let f = s + 137. What is the units digit of f?
8
Suppose 5*j - 2*x + x = -739, 2*j + 3*x + 299 = 0. Let f = -104 - j. What is the units digit of f?
4
Suppose -8*h - 8*h + 28016 = 0. What is the units digit of h?
1
Suppose 0 = 2*y + 3 - 11. What is the tens digit of ((-58)/y)/(1/(-4))?
5
Suppose 0 = -8*t - 11*t + 15504. What is the units digit of t?
6
What is the tens digit of (35/(-25) + 2)*785?
7
Let f(b) be the first derivative of -b**2/2 + 6*b - 3. What is the tens digit of f(-10)?
1
Let p(s) be the third derivative of s**5/12 - s**4/12 - s**3/3 - s**2. Let m be p(2). Suppose m*h + 360 = 19*h. What is the units digit of h?
2
Let o be ((-12)/8)/(2/(-12)). Suppose -21 - o = -5*m. What is the units digit of m?
6
Suppose -2*i + 1157 + 457 = 0. What is the tens digit of i?
0
Suppose 15*d - 19*d + 1688 = 0. What is the hundreds digit of d?
4
Let c(a) = a**3 - 22*a**2 - 22*a - 20. Let u be c(23). Suppose -5*t = -5*x - 305, -60 = -u*t + 2*x + 122. What is the tens digit of t?
6
Let y be ((-20)/15)/(((-30)/513)/5). What is the tens digit of (0 - -4) + y - 2?
1
Let x = 25 + -25. What is the units digit of x - 2*(-236)/8?
9
Let s(m) = 44*m**2 - 2*m - 14. Let x(j) = -15*j**2 + j + 5. Let i(g) = 4*s(g) + 11*x(g). What is the tens digit of i(-2)?
3
Suppose k + 3*d + 3 = -55, -4*d - 256 = 4*k. Let j be 6/4 - 12/24 - -109. Let f = k + j. What is the units digit of f?
3
Let p = 22 + -16. Suppose p*u = 5*u + 3. Suppose -4*o + u*o + 28 = 0. What is the units digit of o?
8
Suppose 0 = 4*k - 4*l - 328, -4*k + 3*k - 2*l = -82. Suppose -2*i - k = -4*i. What is the units digit of i?
1
Let m(h) = -h**2 + 14*h - 7. Let b be ((-126)/35)/((-4)/10). Let k be m(b). Suppose 3*v - k - 31 = 0. What is the units digit of v?
3
Let j be (-1330)/(-55) + (-2)/11. Suppose -j = -0*g - 4*g. What is the units digit of (39/(-6))/(g/(-36))?
9
Suppose 0 = -3*a - 4 + 1, 2*a - 478 = 5*s. What is the tens digit of 0 - 0 - (23 + s)?
7
Let w(p) = -3*p**2 - p + 810. What is the tens digit of w(0)?
1
Let g be 101/2 - 7/(-14). Suppose -g = -d - 9. What is the tens digit of d?
4
Let r(f) = 22*f - 57. What is the hundreds digit of r(9)?
1
Let l = -8 - -10. Let x(m) = 0*m**l + 6*m - m**2 + 6*m - 5 - 2. What is the tens digit of x(9)?
2
Let m = 381 + -371. Suppose 5*o = -4*f + 20, -5*f - o = -4*f - 4. What is the units digit of 5*(f - m)*-1?
0
Let f(d) be the third derivative of -d**5/60 + 5*d**4/12 + 11*d**3/6 - 23*d**2. What is the tens digit of f(6)?
3
Let g = 64 + -42. Let j = 40 - g. What is the units digit of 28*-3*(-3)/j?
4
Suppose 5*l + 164 = 2*o, -3*l = 3*o - 5*l - 224. What is the units digit of o?
2
Let k(u) = -u**3 - 26*u**2 + 3*u + 33. Let h be k(-26). Let n = 214 + h. What is the units digit of n?
9
Let l = 47 + -80. Let w = -8 - l. What is the units digit of w?
5
Let y = -51 - -35. Let p = -12 - y. Suppose p*n - 28 = 16. What is the tens digit of n?
1
Suppose 3*y + v = 180, -5*y = v - 153 - 145. What is the units digit of y?
9
Let u = -329 + 782. What is the units digit of u?
3
Let b be (-1 - -2)*(6 + -4 + 89). Suppose 2*o = -0*w + w - b, 5*w - o = 482. What is the tens digit of w?
9
Let z(i) = -23*i**3 - 1. Let m(n) = -20*n**2 + 3. Let t(d) = -7*d**2 + 1. Let f(x) = -6*m(x) + 17*t(x). Let v be f(0). What is the units digit of z(v)?
2
Let t = -7 + 4. Let z = -47 - -56. What is the tens digit of z/6*(t + 15)?
1
Suppose -n + 2*i + 2*i + 2018 = 0, -5*n + 5*i = -1